{"id":15289,"date":"2025-08-23T14:49:53","date_gmt":"2025-08-23T12:49:53","guid":{"rendered":"https:\/\/newsite26.coeo-group.ai\/tyyliopas\/yrityksen-fontti\/"},"modified":"2026-04-24T13:24:05","modified_gmt":"2026-04-24T11:24:05","slug":"yrityksen-fontti","status":"publish","type":"page","link":"https:\/\/www.coeo-group.ai\/fi\/tyyliopas\/yrityksen-fontti\/","title":{"rendered":"Yrityksen fontti"},"content":{"rendered":"<section class=\"l-section wpb_row height_custom\"><div class=\"l-section-h i-cf\"><div class=\"g-cols vc_row via_flex valign_top type_default stacking_default\"><div class=\"vc_col-sm-12 wpb_column vc_column_container\"><div class=\"vc_column-inner\"><div class=\"wpb_wrapper\"><div class=\"g-cols wpb_row via_flex valign_top type_default stacking_default\"><div class=\"vc_col-sm-8 wpb_column vc_column_container\"><div class=\"vc_column-inner\"><div class=\"wpb_wrapper\">[vc_custom_heading text=&#8221;Luonne<br \/>\njokaisessa sanassa.&#8221; font_container=&#8221;tag:h1|text_align:left&#8221; use_theme_fonts=&#8221;yes&#8221;]<\/div><\/div><\/div><div class=\"vc_col-sm-4 wpb_column vc_column_container\"><div class=\"vc_column-inner\"><div class=\"wpb_wrapper\"><\/div><\/div><\/div><\/div><div class=\"w-separator hide_on_mobiles size_medium\"><\/div><div class=\"wpb_text_column\"><div class=\"wpb_wrapper\"><p><strong>Yrityksemme kirjasintyyppi<\/strong> muokkaa sit\u00e4, miten puhumme &#8211; rauhallisesti, johdonmukaisesti ja tarkoituksenmukaisesti. Se antaa sis\u00e4ll\u00f6llemme selkeytt\u00e4, rytmi\u00e4 ja visuaalisen s\u00e4vyn, joka kuvastaa sit\u00e4, keit\u00e4 olemme. Se tuo persoonallisuutta jokaiseen jakamaamme viestiin.<\/p>\n<\/div><\/div><div class=\"w-separator size_medium\"><\/div>[vc_custom_heading text=&#8221;Sofia Pro&#8221; use_theme_fonts=&#8221;yes&#8221;]<div class=\"wpb_text_column\"><div class=\"wpb_wrapper\"><p>Sofia Pro kuvastaa coeo Groupin ydint\u00e4 &#8211; moderni, ammattimainen ja helposti l\u00e4hestytt\u00e4v\u00e4. Sen puhdas, geometrinen muotoilu takaa selkeyden ja tarkkuuden, ja sen yst\u00e4v\u00e4lliset, py\u00f6ristetyt reunat tuovat l\u00e4mp\u00f6\u00e4. Fontti on t\u00e4ydellisess\u00e4 tasapainossa ammattimaisuuden ja l\u00e4hestytt\u00e4vyyden v\u00e4lill\u00e4 ja antaa coeo Groupille itsevarman ja inhimillisen \u00e4\u00e4nen. Monipuolisuutensa ansiosta fontti sopii erinomaisesti sek\u00e4 digitaalisiin ett\u00e4 painettuihin sovelluksiin, sill\u00e4 se on johdonmukainen kaikessa viestinn\u00e4ss\u00e4.   <\/p>\n<p>Meill\u00e4 on yritystoimilupa. Fonttitiedostojen v\u00e4liaikainen luovuttaminen coeo Groupin palveluntarjoajille on periaatteessa mahdollista tietyin edellytyksin. <a href=\"mailto:cd@coeo-group.ai\">Ota rohkeasti yhteytt\u00e4 meihin<\/a>.  <\/p>\n<p><strong><a href=\"https:\/\/fonts.adobe.com\/fonts\/sofia\" target=\"_blank\" rel=\"noopener\">Sofia Pro<\/a> on kaikkien Adobe Creative Cloud -tilaajien saatavilla ilmaiseksi aktivoitavaksi ja k\u00e4ytett\u00e4v\u00e4ksi.<\/strong><\/p>\n<\/div><\/div><div class=\"w-separator size_medium\"><\/div><div class=\"g-cols wpb_row styleguide-vier-reihen via_flex valign_top type_default stacking_default\"><div class=\"vc_col-sm-6 wpb_column vc_column_container\"><div class=\"vc_column-inner\"><div class=\"wpb_wrapper\">[vc_custom_heading text=&#8221;Sofia Pro | Bold&#8221; use_theme_fonts=&#8221;yes&#8221;]<div class=\"wpb_text_column corporate-font-bold\"><div class=\"wpb_wrapper\"><p>A B C D E F G H I J K L M N O P Q R S T U V W X Y Z<br \/>\na b c d e f g h i j k l m n o p q r s t u v w x y z<br \/>\n0 1 1 2 3 4 5 6 7 8 9 ? ! &amp; @ &#8221; &#8221; % * # $ \u00a3 \u20ac \/ ( ) [ ] . , : ; \u00ae \u00a9<\/p>\n<\/div><\/div><\/div><\/div><\/div><div class=\"vc_col-sm-6 wpb_column vc_column_container\"><div class=\"vc_column-inner\"><div class=\"wpb_wrapper\">[vc_custom_heading text=&#8221;Sofia Pro | Bold Italic&#8221; use_theme_fonts=&#8221;yes&#8221;]<div class=\"wpb_text_column corporate-font-bold-i\"><div class=\"wpb_wrapper\"><p>A B C D E F G H I J K L M N O P Q R S T U V W X Y Z<br \/>\na b c d e f g h i j k l m n o p q r s t u v w x y z<br \/>\n0 1 1 2 3 4 5 6 7 8 9 ? ! &amp; @ &#8221; &#8221; % * # $ \u00a3 \u20ac \/ ( ) [ ] . , : ; \u00ae \u00a9<\/p>\n<\/div><\/div><\/div><\/div><\/div><\/div><div class=\"w-separator size_small\"><\/div><div class=\"g-cols wpb_row styleguide-vier-reihen via_flex valign_top type_default stacking_default\"><div class=\"vc_col-sm-6 wpb_column vc_column_container\"><div class=\"vc_column-inner\"><div class=\"wpb_wrapper\">[vc_custom_heading text=&#8221;Sofia Pro | Regular&#8221; use_theme_fonts=&#8221;yes&#8221;]<div class=\"wpb_text_column corporate-font-regular\"><div class=\"wpb_wrapper\"><p>A B C D E F G H I J K L M N O P Q R S T U V W X Y Z<br \/>\na b c d e f g h i j k l m n o p q r s t u v w x y z<br \/>\n0 1 1 2 3 4 5 6 7 8 9 ? ! &amp; @ &#8221; &#8221; % * # $ \u00a3 \u20ac \/ ( ) [ ] . , : ; \u00ae \u00a9<\/p>\n<\/div><\/div><\/div><\/div><\/div><div class=\"vc_col-sm-6 wpb_column vc_column_container\"><div class=\"vc_column-inner\"><div class=\"wpb_wrapper\">[vc_custom_heading text=&#8221;Sofia Pro | Regular Italic&#8221; use_theme_fonts=&#8221;yes&#8221;]<div class=\"wpb_text_column corporate-font-regular-i\"><div class=\"wpb_wrapper\"><p>A B C D E F G H I J K L M N O P Q R S T U V W X Y Z<br \/>\na b c d e f g h i j k l m n o p q r s t u v w x y z<br \/>\n0 1 1 2 3 4 5 6 7 8 9 ? ! &amp; @ &#8221; &#8221; % * # $ \u00a3 \u20ac \/ ( ) [ ] . , : ; \u00ae \u00a9<\/p>\n<\/div><\/div><\/div><\/div><\/div><\/div><div class=\"w-separator size_large\"><\/div>[vc_custom_heading text=&#8221;Vaihtoehtoinen fontti: Aptos&#8221; use_theme_fonts=&#8221;yes&#8221;]<div class=\"wpb_text_column\"><div class=\"wpb_wrapper\"><p>Joskus Sofia Pro ei ole k\u00e4ytett\u00e4viss\u00e4 &#8211; kuten s\u00e4hk\u00f6posteissa tai Office-sovelluksissa, kuten Wordissa, Exceliss\u00e4 ja PowerPointissa. Silloin varafontti Aptos tulee avuksi. Se pit\u00e4\u00e4 asiat siistin\u00e4 ja johdonmukaisina ja varmistaa, ett\u00e4 \u00e4\u00e4nemme pysyy selke\u00e4n\u00e4, vaikka suosikkifontti olisi tauolla. Aptos on Microsoft Officen oletusfontti, joten kaikkien &#8211; yrityksen sis\u00e4ll\u00e4 ja ulkopuolella &#8211; on helppo k\u00e4ytt\u00e4\u00e4 sit\u00e4.<\/p>\n<\/div><\/div><div class=\"w-separator size_medium\"><\/div><div class=\"g-cols wpb_row styleguide-vier-reihen via_flex valign_top type_default stacking_default\"><div class=\"vc_col-sm-6 wpb_column vc_column_container\"><div class=\"vc_column-inner\"><div class=\"wpb_wrapper\"><div class=\"w-image aptos-font-kit align_none\"><div class=\"w-image-h\"><img decoding=\"async\" src=\"https:\/\/www.coeo-group.ai\/wp-content\/uploads\/2025\/12\/Typeface-Aptos-Bold.svg\" class=\"attachment-full size-full\" alt=\"\" loading=\"lazy\" \/><\/div><\/div><\/div><\/div><\/div><div class=\"vc_col-sm-6 wpb_column vc_column_container\"><div class=\"vc_column-inner\"><div class=\"wpb_wrapper\"><div class=\"w-image aptos-font-kit align_none\"><div class=\"w-image-h\"><img decoding=\"async\" src=\"https:\/\/www.coeo-group.ai\/wp-content\/uploads\/2025\/12\/Typeface-Aptos-Bold-Italic.svg\" class=\"attachment-full size-full\" alt=\"\" loading=\"lazy\" \/><\/div><\/div><\/div><\/div><\/div><\/div><div class=\"w-separator size_small\"><\/div><div class=\"w-separator size_small\"><\/div><div class=\"g-cols wpb_row styleguide-vier-reihen via_flex valign_top type_default stacking_default\"><div class=\"vc_col-sm-6 wpb_column vc_column_container\"><div class=\"vc_column-inner\"><div class=\"wpb_wrapper\"><div class=\"w-image aptos-font-kit align_none\"><div class=\"w-image-h\"><img decoding=\"async\" src=\"https:\/\/www.coeo-group.ai\/wp-content\/uploads\/2026\/04\/Typeface-Aptos-Light.svg\" class=\"attachment-full size-full\" alt=\"\" loading=\"lazy\" \/><\/div><\/div><\/div><\/div><\/div><div class=\"vc_col-sm-6 wpb_column vc_column_container\"><div class=\"vc_column-inner\"><div class=\"wpb_wrapper\"><div class=\"w-image aptos-font-kit align_none\"><div class=\"w-image-h\"><img decoding=\"async\" src=\"https:\/\/www.coeo-group.ai\/wp-content\/uploads\/2026\/04\/Typeface-Aptos-Light-Italic.svg\" class=\"attachment-full size-full\" alt=\"\" loading=\"lazy\" \/><\/div><\/div><\/div><\/div><\/div><\/div><\/div><\/div><\/div><\/div><\/div><\/section>\n","protected":false},"excerpt":{"rendered":"[vc_custom_heading text=\"Luonne jokaisessa sanassa.\" font_container=\"tag:h1|text_align:left\" use_theme_fonts=\"yes\"]Yrityksemme kirjasintyyppi muokkaa sit\u00e4, miten puhumme &#8211; rauhallisesti, johdonmukaisesti ja tarkoituksenmukaisesti. Se antaa sis\u00e4ll\u00f6llemme selkeytt\u00e4, rytmi\u00e4 ja visuaalisen s\u00e4vyn, joka kuvastaa sit\u00e4, keit\u00e4 olemme. Se tuo persoonallisuutta jokaiseen jakamaamme viestiin. [vc_custom_heading text=\"Sofia Pro\" use_theme_fonts=\"yes\"]Sofia Pro kuvastaa coeo Groupin ydint\u00e4 &#8211; moderni, ammattimainen ja helposti l\u00e4hestytt\u00e4v\u00e4. Sen puhdas, geometrinen muotoilu takaa...","protected":false},"author":2,"featured_media":0,"parent":15276,"menu_order":0,"comment_status":"closed","ping_status":"closed","template":"","meta":{"_acf_changed":false,"footnotes":""},"class_list":["post-15289","page","type-page","status-publish","hentry"],"acf":[],"_links":{"self":[{"href":"https:\/\/www.coeo-group.ai\/fi\/wp-json\/wp\/v2\/pages\/15289","targetHints":{"allow":["GET"]}}],"collection":[{"href":"https:\/\/www.coeo-group.ai\/fi\/wp-json\/wp\/v2\/pages"}],"about":[{"href":"https:\/\/www.coeo-group.ai\/fi\/wp-json\/wp\/v2\/types\/page"}],"author":[{"embeddable":true,"href":"https:\/\/www.coeo-group.ai\/fi\/wp-json\/wp\/v2\/users\/2"}],"replies":[{"embeddable":true,"href":"https:\/\/www.coeo-group.ai\/fi\/wp-json\/wp\/v2\/comments?post=15289"}],"version-history":[{"count":4,"href":"https:\/\/www.coeo-group.ai\/fi\/wp-json\/wp\/v2\/pages\/15289\/revisions"}],"predecessor-version":[{"id":17278,"href":"https:\/\/www.coeo-group.ai\/fi\/wp-json\/wp\/v2\/pages\/15289\/revisions\/17278"}],"up":[{"embeddable":true,"href":"https:\/\/www.coeo-group.ai\/fi\/wp-json\/wp\/v2\/pages\/15276"}],"wp:attachment":[{"href":"https:\/\/www.coeo-group.ai\/fi\/wp-json\/wp\/v2\/media?parent=15289"}],"curies":[{"name":"wp","href":"https:\/\/api.w.org\/{rel}","templated":true}]}}

<section class="l-section wpb_row height_custom"><div class="l-section-h i-cf"><div class="g-cols vc_row via_flex valign_top type_default stacking_default"><div class="vc_col-sm-12 wpb_column vc_column_container"><div class="vc_column-inner"><div class="wpb_wrapper"><div class="g-cols wpb_row via_flex valign_top type_default stacking_default"><div class="vc_col-sm-8 wpb_column vc_column_container"><div class="vc_column-inner"><div class="wpb_wrapper">[vc_custom_heading text=&#8221;Luonne<br />
jokaisessa sanassa.&#8221; font_container=&#8221;tag:h1|text_align:left&#8221; use_theme_fonts=&#8221;yes&#8221;]</div></div></div><div class="vc_col-sm-4 wpb_column vc_column_container"><div class="vc_column-inner"><div class="wpb_wrapper"></div></div></div></div><div class="w-separator hide_on_mobiles size_medium"></div><div class="wpb_text_column"><div class="wpb_wrapper"><p><strong>Yrityksemme kirjasintyyppi</strong> muokkaa sitä, miten puhumme &#8211; rauhallisesti, johdonmukaisesti ja tarkoituksenmukaisesti. Se antaa sisällöllemme selkeyttä, rytmiä ja visuaalisen sävyn, joka kuvastaa sitä, keitä olemme. Se tuo persoonallisuutta jokaiseen jakamaamme viestiin.</p>
</div></div><div class="w-separator size_medium"></div>[vc_custom_heading text=&#8221;Sofia Pro&#8221; use_theme_fonts=&#8221;yes&#8221;]<div class="wpb_text_column"><div class="wpb_wrapper"><p>Sofia Pro kuvastaa coeo Groupin ydintä &#8211; moderni, ammattimainen ja helposti lähestyttävä. Sen puhdas, geometrinen muotoilu takaa selkeyden ja tarkkuuden, ja sen ystävälliset, pyöristetyt reunat tuovat lämpöä. Fontti on täydellisessä tasapainossa ammattimaisuuden ja lähestyttävyyden välillä ja antaa coeo Groupille itsevarman ja inhimillisen äänen. Monipuolisuutensa ansiosta fontti sopii erinomaisesti sekä digitaalisiin että painettuihin sovelluksiin, sillä se on johdonmukainen kaikessa viestinnässä.   </p>
<p>Meillä on yritystoimilupa. Fonttitiedostojen väliaikainen luovuttaminen coeo Groupin palveluntarjoajille on periaatteessa mahdollista tietyin edellytyksin. <a href="mailto:cd@coeo-group.ai">Ota rohkeasti yhteyttä meihin</a>.  </p>
<p><strong><a href="https://fonts.adobe.com/fonts/sofia" target="_blank" rel="noopener">Sofia Pro</a> on kaikkien Adobe Creative Cloud -tilaajien saatavilla ilmaiseksi aktivoitavaksi ja käytettäväksi.</strong></p>
</div></div><div class="w-separator size_medium"></div><div class="g-cols wpb_row styleguide-vier-reihen via_flex valign_top type_default stacking_default"><div class="vc_col-sm-6 wpb_column vc_column_container"><div class="vc_column-inner"><div class="wpb_wrapper">[vc_custom_heading text=&#8221;Sofia Pro | Bold&#8221; use_theme_fonts=&#8221;yes&#8221;]<div class="wpb_text_column corporate-font-bold"><div class="wpb_wrapper"><p>A B C D E F G H I J K L M N O P Q R S T U V W X Y Z<br />
a b c d e f g h i j k l m n o p q r s t u v w x y z<br />
0 1 1 2 3 4 5 6 7 8 9 ? ! &amp; @ &#8221; &#8221; % * # $ £ € / ( ) [ ] . , : ; ® ©</p>
</div></div></div></div></div><div class="vc_col-sm-6 wpb_column vc_column_container"><div class="vc_column-inner"><div class="wpb_wrapper">[vc_custom_heading text=&#8221;Sofia Pro | Bold Italic&#8221; use_theme_fonts=&#8221;yes&#8221;]<div class="wpb_text_column corporate-font-bold-i"><div class="wpb_wrapper"><p>A B C D E F G H I J K L M N O P Q R S T U V W X Y Z<br />
a b c d e f g h i j k l m n o p q r s t u v w x y z<br />
0 1 1 2 3 4 5 6 7 8 9 ? ! &amp; @ &#8221; &#8221; % * # $ £ € / ( ) [ ] . , : ; ® ©</p>
</div></div></div></div></div></div><div class="w-separator size_small"></div><div class="g-cols wpb_row styleguide-vier-reihen via_flex valign_top type_default stacking_default"><div class="vc_col-sm-6 wpb_column vc_column_container"><div class="vc_column-inner"><div class="wpb_wrapper">[vc_custom_heading text=&#8221;Sofia Pro | Regular&#8221; use_theme_fonts=&#8221;yes&#8221;]<div class="wpb_text_column corporate-font-regular"><div class="wpb_wrapper"><p>A B C D E F G H I J K L M N O P Q R S T U V W X Y Z<br />
a b c d e f g h i j k l m n o p q r s t u v w x y z<br />
0 1 1 2 3 4 5 6 7 8 9 ? ! &amp; @ &#8221; &#8221; % * # $ £ € / ( ) [ ] . , : ; ® ©</p>
</div></div></div></div></div><div class="vc_col-sm-6 wpb_column vc_column_container"><div class="vc_column-inner"><div class="wpb_wrapper">[vc_custom_heading text=&#8221;Sofia Pro | Regular Italic&#8221; use_theme_fonts=&#8221;yes&#8221;]<div class="wpb_text_column corporate-font-regular-i"><div class="wpb_wrapper"><p>A B C D E F G H I J K L M N O P Q R S T U V W X Y Z<br />
a b c d e f g h i j k l m n o p q r s t u v w x y z<br />
0 1 1 2 3 4 5 6 7 8 9 ? ! &amp; @ &#8221; &#8221; % * # $ £ € / ( ) [ ] . , : ; ® ©</p>
</div></div></div></div></div></div><div class="w-separator size_large"></div>[vc_custom_heading text=&#8221;Vaihtoehtoinen fontti: Aptos&#8221; use_theme_fonts=&#8221;yes&#8221;]<div class="wpb_text_column"><div class="wpb_wrapper"><p>Joskus Sofia Pro ei ole käytettävissä &#8211; kuten sähköposteissa tai Office-sovelluksissa, kuten Wordissa, Excelissä ja PowerPointissa. Silloin varafontti Aptos tulee avuksi. Se pitää asiat siistinä ja johdonmukaisina ja varmistaa, että äänemme pysyy selkeänä, vaikka suosikkifontti olisi tauolla. Aptos on Microsoft Officen oletusfontti, joten kaikkien &#8211; yrityksen sisällä ja ulkopuolella &#8211; on helppo käyttää sitä.</p>
</div></div><div class="w-separator size_medium"></div><div class="g-cols wpb_row styleguide-vier-reihen via_flex valign_top type_default stacking_default"><div class="vc_col-sm-6 wpb_column vc_column_container"><div class="vc_column-inner"><div class="wpb_wrapper"><div class="w-image aptos-font-kit align_none"><div class="w-image-h"><img decoding="async" src="https://www.coeo-group.ai/wp-content/uploads/2025/12/Typeface-Aptos-Bold.svg" class="attachment-full size-full" alt="" loading="lazy" /></div></div></div></div></div><div class="vc_col-sm-6 wpb_column vc_column_container"><div class="vc_column-inner"><div class="wpb_wrapper"><div class="w-image aptos-font-kit align_none"><div class="w-image-h"><img decoding="async" src="https://www.coeo-group.ai/wp-content/uploads/2025/12/Typeface-Aptos-Bold-Italic.svg" class="attachment-full size-full" alt="" loading="lazy" /></div></div></div></div></div></div><div class="w-separator size_small"></div><div class="w-separator size_small"></div><div class="g-cols wpb_row styleguide-vier-reihen via_flex valign_top type_default stacking_default"><div class="vc_col-sm-6 wpb_column vc_column_container"><div class="vc_column-inner"><div class="wpb_wrapper"><div class="w-image aptos-font-kit align_none"><div class="w-image-h"><img decoding="async" src="https://www.coeo-group.ai/wp-content/uploads/2026/04/Typeface-Aptos-Light.svg" class="attachment-full size-full" alt="" loading="lazy" /></div></div></div></div></div><div class="vc_col-sm-6 wpb_column vc_column_container"><div class="vc_column-inner"><div class="wpb_wrapper"><div class="w-image aptos-font-kit align_none"><div class="w-image-h"><img decoding="async" src="https://www.coeo-group.ai/wp-content/uploads/2026/04/Typeface-Aptos-Light-Italic.svg" class="attachment-full size-full" alt="" loading="lazy" /></div></div></div></div></div></div></div></div></div></div></div></section>

[vc_custom_heading text="Luonne jokaisessa sanassa." font_container="tag:h1|text_align:left" use_theme_fonts="yes"]Yrityksemme kirjasintyyppi muokkaa sitä, miten puhumme &#8211; rauhallisesti, johdonmukaisesti ja tarkoituksenmukaisesti. Se antaa sisällöllemme selkeyttä, rytmiä ja visuaalisen sävyn, joka kuvastaa sitä, keitä olemme. Se tuo persoonallisuutta jokaiseen jakamaamme viestiin. [vc_custom_heading text="Sofia Pro" use_theme_fonts="yes"]Sofia Pro kuvastaa coeo Groupin ydintä &#8211; moderni, ammattimainen ja helposti lähestyttävä. Sen puhdas, geometrinen muotoilu takaa...
